at are the prime factors of x?
2, 19
Let v = 567 + -567. Suppose 4*c + 16 = v, 2*w = -w - c + 1826. What are the prime factors of w?
2, 5, 61
List the prime factors of -13 - 39/(-26)*734.
2, 17
Let z = -265 - -268. Suppose 0 = z*k - 967 - 2444. What are the prime factors of k?
3, 379
Suppose 0 = -4*d + 4*r + 15156, -14*d - 4*r + 19881 + 33129 = 0. What are the prime factors of d?
7, 541
Let y(g) = -3*g - 4. Let a be y(-2). Suppose -4*k + 23 = -w - a*w, w = 5*k - 15. What are the prime factors of ((-7)/3)/(0 - k/60)?
2, 5, 7
Let y(f) = 277*f**2 + 19*f + 36. List the prime factors of y(3).
2, 3, 431
Let x be (8 + 2)*(2 - 3). Let n(q) = -4 - 18*q + 28 - 41. What are the prime factors of n(x)?
163
Let m(a) = -11*a - 6. Suppose -140*r + 139*r + 5 = 0. Suppose -2*t = s + t + 24, -t + 56 = -r*s. List the prime factors of m(s).
2, 3, 7
Let t(i) = -357*i**2 + 42. Let x be t(6). List the prime factors of (-9)/(-15) + x/(-25).
3, 19
Suppose 5*s + 530 = 11*z - 10*z, -2*z - 3*s + 1047 = 0. Let v = -146 + 461. Suppose -k + t = 2*k - v, -z = -5*k - 2*t. What are the prime factors of k?
3, 5, 7
Let w = 34 - 31. Suppose 0 = -0*b + b - f - 54, -2*f = -w*b + 166. Let x = 6 + b. What are the prime factors of x?
2
Suppose 65 = 9*j - 70. Suppose j*w - 748 = 4*w. List the prime factors of w.
2, 17
Let v(i) = 14*i**2 - 3*i + 7. Let o be v(2). Let g = 62 - o. Suppose -230 = -g*p - 0*p - 5*u, -u = 4*p - 178. What are the prime factors of p?
2, 11
Suppose -5*h = -4*m + 18390, -3*h - 4594 = 5*m - 6*m. Suppose -4*v = 4*b - m, -2*b - v + 1037 + 1265 = 0. List the prime factors of b.
2, 3
Let q(r) = r**3 - 16*r**2 - 42*r - 32. Let x be q(18). List the prime factors of (-1)/((-5)/494) + (-28)/x.
3, 11
Suppose -4*i + 0*i = p - 24, 0 = -5*i + 20. Let q be ((0 - -4) + -8)*198/p. Let x = q - -140. List the prime factors of x.
41
Suppose -4*a + 17808 = 17*a. Suppose -18*i - a = -20*i. List the prime factors of i.
2, 53
Let a(h) = -12*h + 3. Let r be a(-2). Let q(g) = g**2 + 33*g - 16. What are the prime factors of q(r)?
2, 401
Let b(u) = 211*u**2 + 45*u - 7. List the prime factors of b(7).
3, 7, 13
Suppose u + 6*f - 1153 = 12*f, 0 = -u - f + 1174. Suppose p = 2*m + u, -5*m + 6920 = 5*p + 1095. What are the prime factors of p?
3, 389
Let m(b) = 12*b + b**2 + 5 - 2*b**2 - 18. Let c be m(8). Let h = c + 103. What are the prime factors of h?
2, 61
What are the prime factors of ((0 - 0) + -10605)/((1 - 7)/6)?
3, 5, 7, 101
Let o = 5701 + -5696. Suppose 16 = -3*f - 3*r - 95, -4*r = -2*f - 62. List the prime factors of (-4354)/f + (8/o)/(-4).
2, 31
What are the prime factors of ((-5 - -3)*1)/(10/(-29870))?
2, 29, 103
Let p(q) = -2*q + 18. Let y be p(5). Suppose y*w - w = 630. List the prime factors of 2/((-4)/(-3))*4260/w.
71
Suppose 485 = 83*w - 262. Let r(q) = 3*q**2 - 9*q - 7. Let m be r(-6). Suppose o - m = w. List the prime factors of o.
2, 41
Let g(c) = -19*c**2 + 68*c - 167. Let b(l) = 6*l**2 - 23*l + 56. Let f(d) = -17*b(d) - 6*g(d). What are the prime factors of f(4)?
2, 3, 29
Let o(w) = w**3 - 17*w**2 - 13*w + 6. Let r(s) = -17*s**2 + 10 - 5*s - 10 + 24*s**2. Let p be r(2). What are the prime factors of o(p)?
2, 3
Let o be (0 + 706 - -3) + -4. Let r = -60 - o. Let n = -526 - r. List the prime factors of n.
239
Suppose 63*l - 2*p = 61*l + 75204, 3*p = -2*l + 75184. What are the prime factors of l?
2, 11, 1709
Suppose -3*t - 9 = -2*x - 2*x, -x = -5*t - 15. Suppose x*n = -n + 6. Suppose -d - 440 = -n*d. List the prime factors of d.
2, 11
Let u = -3780 - -5746. Let g = u - 1151. List the prime factors of g.
5, 163
Suppose -4*k + 57*z + 246110 = 52*z, 4*k + 4*z - 246164 = 0. What are the prime factors of k?
5, 31, 397
Suppose -w - 7*w = -40. Suppose 0 = 3*h - 4*h + w. Let s = 25 - h. What are the prime factors of s?
2, 5
Let u be (-44)/(-10) - (-24)/40. Suppose -2*d + 1067 = -u*r, 4*r = 3*d - 111 - 1479. List the prime factors of d.
2, 263
Let b be (-11)/(165/(-36))*420. Suppose -49*p - b = -52*p. What are the prime factors of p?
2, 3, 7
Suppose -5*k = 4*z + 5, 5*k + 35 = z + 5. Suppose z*y - 402 = -y. Let i = y + -32. What are the prime factors of i?
5, 7
Let t(d) = -d**3 - 14*d**2 + 33*d + 124. List the prime factors of t(-22).
2, 3, 5, 109
Let b(m) = m**3 - 6*m**2 + 7*m - 6. Let i be b(5). Let y(v) = -v**2 + 5*v - 6. Let z be y(i). List the prime factors of (-1)/(2/(-12)*z) - -69.
2, 3, 11
Let k = -267 + 283. Suppose -k*o - 3*o = -5662. List the prime factors of o.
2, 149
Let s be -4*(-1)/(-2)*(-2 - -4). Let g be (2068/20 - s/(-10)) + -3. Let p = -79 + g. List the prime factors of p.
3, 7
Let c = 548 + 15615. List the prime factors of c.
7, 2309
Let k(a) = -6*a**2 - 16820*a**3 - 2 + 16*a - 5 + 16822*a**3. Let d(s) = 2*s + 2. Let m be d(2). List the prime factors of k(m).
5, 61
List the prime factors of ((-11)/44)/(10/(-1325160)).
3, 409
Suppose 2*s - 10579 + 1445 = 4*v, -5*s = -5*v - 22845. What are the prime factors of s?
7, 653
Let m(l) = -7*l**2 - 3*l + 8. Let f be m(-7). Let p = f + 793. What are the prime factors of p?
479
Let b be (-45)/4*64/(-12). Let c = 67 - b. Suppose 5*q - 519 = -4*j, 2*j - 258 = 3*q - c*q. What are the prime factors of j?
131
Suppose 0 = 138*u - 134*u - 4*o - 106512, 3*u - o = 79874. What are the prime factors of u?
79, 337
Let f(m) = -41*m + 7. Let h be f(-3). Let l = 143 - h. Suppose 528 = l*t - 9*t. List the prime factors of t.
2, 3, 11
List the prime factors of -9 + (-4 - (12 - 35574)).
19, 1871
Let u = -4786 + 8889. List the prime factors of u.
11, 373
Suppose -202742 + 2157542 = 300*q. What are the prime factors of q?
2, 3, 181
Let i(b) = 7*b**2 - 10*b**2 + 3 + 105*b**2 - b + 103*b**2. What are the prime factors of i(1)?
3, 23
Let k(n) = -n**3 + 6*n**2 + 7*n - 1. Let m be k(7). Let p be m*(-240)/((-20)/(-5)). Let o = -18 + p. What are the prime factors of o?
2, 3, 7
Suppose -22*h = -31*h + 2385. Suppose -12*o + 172 = -10*o - x, 0 = -3*o - 2*x + h. List the prime factors of o.
3, 29
Let x = -5292 + 16343. What are the prime factors of x?
43, 257
Let p = 336 + -279. List the prime factors of p*(-6)/((-108)/174).
19, 29
Suppose -3*g - 3*j - 102 = -4*g, -j = 5*g - 462. Suppose g = 15*h - 132. Suppose -116 = -17*q + h*q. List the prime factors of q.
2, 29
Let m be (-1480)/30*12/8. Let b = 139 + m. What are the prime factors of b?
5, 13
Suppose 4*x - 4*i - 220600 = 0, 34*x + 165448 = 37*x - 4*i. List the prime factors of x.
2, 3, 383
Suppose -220*y + 4417400 = -20*y. What are the prime factors of y?
13, 1699
Let v be -14*6/(-21) + -2. Suppose 8 = -4*u, -v*u = -3*n + 1752 + 1795. List the prime factors of n.
1181
Let k be ((-1)/(-2))/(1/18). Let y(x) = -78*x + 18. Let n(o) = 5*o - 1. Let i(u) = 18*n(u) + y(u). What are the prime factors of i(k)?
2, 3
Let p be (16/5*17)/(1/(-5)). Let j = p - -440. List the prime factors of j.
2, 3, 7
Let l(p) = -22*p**3 + 10*p**2 + 15*p - 3. Let a be l(-2). List the prime factors of ((-38)/6*-1 + -4)*a.
7, 61
Let p = -1190 + 7276. List the prime factors of p.
2, 17, 179
Let a = 62 + -76. Let m(j) = -j**2 - 28*j + 2. Let v be m(a). Suppose 0 = -0*s - 3*s + v. What are the prime factors of s?
2, 3, 11
Let o(z) be the second derivative of -2*z**5/5 - z**4/12 - 2*z**3/3 - 3*z**2/2 + z + 28. List the prime factors of o(-2).
5, 13
What are the prime factors of -7 - (-3)/(39/566254)?
3, 1613
List the prime factors of (157976/(-140) - -22)*10/(-4).
2, 3, 461
What are the prime factors of (21 - (7 + 31))*5*-199?
5, 17, 199
Suppose 12 + 8 = 5*z. Suppose 2*a + z*x = 0, -3*x + 4*x - 7 = -4*a. Suppose 104 = u - a*h, -5*h = -5*u - h + 514. What are the prime factors of u?
2, 3, 17
Let m(t) = 280*t**2 - 160*t - 758. List the prime factors of m(-5).
2, 7, 503
Let y(b) = 71*b**3 + 2*b**2 - 2*b - 3. Let z be y(-1). Let g = 78 + z. Suppose g*f = f + 371. List the prime factors of f.
53
Suppose 5*t - 115062 = 4*w, -2*w + 807 = t - 22197. What are the prime factors of t?
2, 3, 5, 13, 59
Suppose 59*l + 74168 = 63*l - 3*g, -3*l + 4*g = -55626. What are the prime factors of l?
2, 73, 127
List the prime factors of (-14)/((-112)/146520) - (-25)/5.
2, 5, 229
Let s(q) = q**3 - 19*q**2 - 34*q - 11. Let r(g) = g**2 - 13. Let c be r(6). What are the prime factors of s(c)?
3, 7
Let w be (6 - -1) + -4 + -811. Let v = w + 1749. What are the prime f